{"id":51,"date":"2024-09-15T19:27:19","date_gmt":"2024-09-15T17:27:19","guid":{"rendered":"http:\/\/akcjaedukacja.cityschool.pl\/?page_id=51"},"modified":"2025-08-06T11:02:42","modified_gmt":"2025-08-06T09:02:42","slug":"rekrutacja","status":"publish","type":"page","link":"http:\/\/akcjaedukacja.cityschool.pl\/?page_id=51","title":{"rendered":"REKRUTACJA"},"content":{"rendered":"\n<p>Rekrutacja do projektu przeprowadzona zostanie w terminie 08.2024-03.2025r. (\u015br. po 10 os\u00f3b\/miesi\u0105c) na terenie wspieranych powiat\u00f3w Warmii i Mazur. Rekrutacja b\u0119dzie otwarta, bezpo\u015brednia, turowa(1miesi\u0105c=1tura), rzetelna, bezstronna oraz sformalizowana na podstawie protoko\u0142u.<\/p>\n\n\n\n<p><strong>Grupa docelowa:<\/strong><\/p>\n\n\n\n<p>Grup\u0119 docelow\u0105 projektu stanowi 80 os\u00f3b doros\u0142ych (48K, 32M) bez wzgl\u0119du na wykszta\u0142cenie oraz status zatrudnienia:<\/p>\n\n\n\n<ul class=\"wp-block-list\">\n<li>osoby powy\u017cej 25 roku \u017cycia;<\/li>\n\n\n\n<li>osoby o niskich umiej\u0119tno\u015bciach podstawowych, odpowiadaj\u0105cych poziomowi nie wy\u017cszemu ni\u017c 3 poziom Polskiej Ramy Kwalifikacji;<\/li>\n\n\n\n<li>ucz\u0105cych si\u0119, pracuj\u0105cych lub zamieszkuj\u0105cych w rozumieniu przepis\u00f3w Kodeksu Cywilnego na obszarze Warmii i Mazur, w powiatach: k\u0119trzy\u0144ski(w tym K\u0119trzyn), w\u0119gorzewski (w tym W\u0119gorzewo), go\u0142dapski (w tym Go\u0142dap), bartoszycki (w tym Bartoszyce), braniewski (w tym Braniewo), gi\u017cycki (w tym Gi\u017cycko), olecki (w tym Olecko), mr\u0105gowski (w tym Mr\u0105gowo), piski (w tym Pisz), e\u0142cki (w tym E\u0142k), szczycie\u0144ski (w tym Szczytno), olszty\u0144ski, Miasto Olsztyn, elbl\u0105ski (w tym Elbl\u0105g), ostr\u00f3dzki (w tym Ostr\u00f3da), i\u0142awski (w tym I\u0142awa), nowomiejski (Nowe Miasto Lubawskie), dzia\u0142dowski (w ty Dzia\u0142dowo), nidzicki (w tym Nidzica), lidzbarski (w tym Lidzbark);<\/li>\n\n\n\n<li>znajduj\u0105cych si\u0119 w trudnej sytuacji (do\u015bwiadczaj\u0105cych ub\u00f3stwa, wykluczenia spo\u0142ecznego, dyskryminacji w wielu wymiarach lub zagro\u017cone takimi zjawiskami). Na obszarze realizacji projektu zidentyfikowano trzy grupy w szczeg\u00f3lnie trudnej sytuacji: osoby w wieku 50+, osoby z niepe\u0142nosprawno\u015bciami oraz osoby zamieszkuj\u0105ce powiaty pogranicza<\/li>\n\n\n\n<li>z w\u0142asnej inicjatywy chc\u0105cych podnosi\u0107, uzupe\u0142nia\u0107 umiej\u0119tno\u015bci i kompetencje.<\/li>\n<\/ul>\n\n\n\n<p class=\"has-cyan-bluish-gray-background-color has-background has-medium-font-size\"><strong>SZCZEG\u00d3\u0141OWY PODZIA\u0141 GRUPY DOCELOWEJ<\/strong><\/p>\n\n\n\n<ul class=\"wp-block-list\">\n<li>osoby w wieku 50+ \u2013 (12 os\u00f3b: 8K, 4M);<\/li>\n\n\n\n<li>osoby z niepe\u0142nosprawno\u015bci\u0105 \u2013 (8 os\u00f3b: 5K, 3M);<\/li>\n\n\n\n<li>osoby zamieszkuj\u0105ce powiaty pogranicza (powiat braniewski, bartoszycki, k\u0119trzy\u0144ski, w\u0119gorzewski, go\u0142dapski) \u2013 (20 os\u00f3b: 12K, 8M)<\/li>\n<\/ul>\n\n\n\n<hr class=\"wp-block-separator has-text-color has-pale-pink-color has-alpha-channel-opacity has-pale-pink-background-color has-background is-style-wide\"\/>\n\n\n\n<h4 class=\"wp-block-heading has-text-align-center has-black-color has-text-color has-link-color has-medium-font-size wp-elements-68eedd01bb1d67b9967427478a80b62e\"><strong>Z\u0142o\u017cenie dokument\u00f3w rekrutacyjnych do biura projektu mo\u017ce odbywa\u0107 si\u0119 osobi\u015bcie, poczt\u0105 lub w przypadku os\u00f3b<br>z niepe\u0142nosprawno\u015bci\u0105 \u2013 telefonicznie (517-240-132)\/ mailowo (akcja.edukacja@cityschool.pl) z p\u00f3\u017aniejszym potwierdzeniem.  <\/strong>                                                                      <strong>Biuro Projektu mie\u015bci si\u0119 w pod adresem: ul. Kr\u00f3lewiecka 54B, 82-300 Elbl\u0105g<\/strong><\/h4>\n\n\n\n<h4 class=\"wp-block-heading has-text-align-center has-black-color has-cyan-bluish-gray-background-color has-text-color has-background has-link-color has-medium-font-size wp-elements-862459556ffdd5f83f47e31bbae52664\" style=\"font-style:italic;font-weight:600\">Je\u015bli spe\u0142niasz warunki grupy docelowej \u2013 nie czekaj, liczba miejsc jest ograniczona !<\/h4>\n\n\n\n<div data-wp-interactive=\"core\/file\" class=\"wp-block-file\"><object data-wp-bind--hidden=\"!state.hasPdfPreview\" hidden class=\"wp-block-file__embed\" data=\"http:\/\/akcjaedukacja.cityschool.pl\/wp-content\/uploads\/2024\/10\/Regulamin-projektu-Akcja-edukacja-NOWY.pdf\" type=\"application\/pdf\" style=\"width:100%;height:600px\" aria-label=\"Embed of Regulamin projektu - aktualizacja z dnia 26.09.2024r.\"><\/object><a id=\"wp-block-file--media-e3342200-9dc0-411f-b974-cc324c442baa\" href=\"http:\/\/akcjaedukacja.cityschool.pl\/wp-content\/uploads\/2024\/10\/Regulamin-projektu-Akcja-edukacja-NOWY.pdf\">Regulamin projektu &#8211; aktualizacja z dnia 26.09.2024r<\/a><a href=\"http:\/\/akcjaedukacja.cityschool.pl\/wp-content\/uploads\/2024\/10\/Regulamin-projektu-Akcja-edukacja-NOWY.pdf\" class=\"wp-block-file__button wp-element-button\" download aria-describedby=\"wp-block-file--media-e3342200-9dc0-411f-b974-cc324c442baa\">Pobierz<\/a><\/div>\n\n\n\n<div data-wp-interactive=\"core\/file\" class=\"wp-block-file\"><object data-wp-bind--hidden=\"!state.hasPdfPreview\" hidden class=\"wp-block-file__embed\" data=\"http:\/\/akcjaedukacja.cityschool.pl\/wp-content\/uploads\/2024\/10\/Regulamin-projektu-Akcja-edukacja.pdf\" type=\"application\/pdf\" style=\"width:100%;height:600px\" aria-label=\"Embed of Regulamin projektu - Akcja edukacja.\"><\/object><a id=\"wp-block-file--media-586417ca-eb80-46f7-8713-7f099230857a\" href=\"http:\/\/akcjaedukacja.cityschool.pl\/wp-content\/uploads\/2024\/10\/Regulamin-projektu-Akcja-edukacja.pdf\">Regulamin projektu &#8211; Akcja edukacja<\/a><a href=\"http:\/\/akcjaedukacja.cityschool.pl\/wp-content\/uploads\/2024\/10\/Regulamin-projektu-Akcja-edukacja.pdf\" class=\"wp-block-file__button wp-element-button\" download aria-describedby=\"wp-block-file--media-586417ca-eb80-46f7-8713-7f099230857a\">Pobierz<\/a><\/div>\n\n\n\n<div data-wp-interactive=\"core\/file\" class=\"wp-block-file\"><object data-wp-bind--hidden=\"!state.hasPdfPreview\" hidden class=\"wp-block-file__embed\" data=\"http:\/\/akcjaedukacja.cityschool.pl\/wp-content\/uploads\/2024\/09\/Kwestionariusz-zgloszeniowy.pdf\" type=\"application\/pdf\" style=\"width:100%;height:600px\" aria-label=\"Embed of Kwestionariusz zg\u0142oszeniowy.\"><\/object><a id=\"wp-block-file--media-9106567e-4b47-4564-af92-77e3c16bc084\" href=\"http:\/\/akcjaedukacja.cityschool.pl\/wp-content\/uploads\/2024\/09\/Kwestionariusz-zgloszeniowy.pdf\">Kwestionariusz zg\u0142oszeniowy<\/a><a href=\"http:\/\/akcjaedukacja.cityschool.pl\/wp-content\/uploads\/2024\/09\/Kwestionariusz-zgloszeniowy.pdf\" class=\"wp-block-file__button wp-element-button\" download aria-describedby=\"wp-block-file--media-9106567e-4b47-4564-af92-77e3c16bc084\">Pobierz<\/a><\/div>\n\n\n\n<div data-wp-interactive=\"core\/file\" class=\"wp-block-file\"><object data-wp-bind--hidden=\"!state.hasPdfPreview\" hidden class=\"wp-block-file__embed\" data=\"http:\/\/akcjaedukacja.cityschool.pl\/wp-content\/uploads\/2024\/10\/Zal-nr-3-do-regulaminu-Umowa_uczestnictwa_Akcja-edukacja-002.pdf\" type=\"application\/pdf\" style=\"width:100%;height:600px\" aria-label=\"Embed of Umowa_uczestnictwa_.\"><\/object><a id=\"wp-block-file--media-1b10bad6-3d37-457c-88ce-4ff4b64cbe43\" href=\"http:\/\/akcjaedukacja.cityschool.pl\/wp-content\/uploads\/2024\/10\/Zal-nr-3-do-regulaminu-Umowa_uczestnictwa_Akcja-edukacja-002.pdf\">Umowa_uczestnictwa_<\/a><a href=\"http:\/\/akcjaedukacja.cityschool.pl\/wp-content\/uploads\/2024\/10\/Zal-nr-3-do-regulaminu-Umowa_uczestnictwa_Akcja-edukacja-002.pdf\" class=\"wp-block-file__button wp-element-button\" download aria-describedby=\"wp-block-file--media-1b10bad6-3d37-457c-88ce-4ff4b64cbe43\">Pobierz<\/a><\/div>\n\n\n\n<div data-wp-interactive=\"core\/file\" class=\"wp-block-file\"><object data-wp-bind--hidden=\"!state.hasPdfPreview\" hidden class=\"wp-block-file__embed\" data=\"http:\/\/akcjaedukacja.cityschool.pl\/wp-content\/uploads\/2025\/02\/Zal-nr-4-do-regulaminu-obszar-realizacji-Akcja-edukacja.pdf\" type=\"application\/pdf\" style=\"width:100%;height:600px\" aria-label=\"Embed of Zal-nr-4-do-regulaminu-obszar-realizacji-Akcja-edukacja.\"><\/object><a id=\"wp-block-file--media-20915eeb-3f26-44fb-82da-8ddc180413e7\" href=\"http:\/\/akcjaedukacja.cityschool.pl\/wp-content\/uploads\/2025\/02\/Zal-nr-4-do-regulaminu-obszar-realizacji-Akcja-edukacja.pdf\">Zal-nr-4-do-regulaminu-obszar-realizacji-Akcja-edukacja<\/a><a href=\"http:\/\/akcjaedukacja.cityschool.pl\/wp-content\/uploads\/2025\/02\/Zal-nr-4-do-regulaminu-obszar-realizacji-Akcja-edukacja.pdf\" class=\"wp-block-file__button wp-element-button\" download aria-describedby=\"wp-block-file--media-20915eeb-3f26-44fb-82da-8ddc180413e7\">Pobierz<\/a><\/div>\n\n\n\n<div data-wp-interactive=\"core\/file\" class=\"wp-block-file\"><object data-wp-bind--hidden=\"!state.hasPdfPreview\" hidden class=\"wp-block-file__embed\" data=\"http:\/\/akcjaedukacja.cityschool.pl\/wp-content\/uploads\/2024\/09\/Ankieta-PRK.pdf\" type=\"application\/pdf\" style=\"width:100%;height:600px\" aria-label=\"Embed of Ankieta PRK.\"><\/object><a id=\"wp-block-file--media-9d612529-2f76-403f-80e7-9fe26badeda5\" href=\"http:\/\/akcjaedukacja.cityschool.pl\/wp-content\/uploads\/2024\/09\/Ankieta-PRK.pdf\">Ankieta PRK<\/a><a href=\"http:\/\/akcjaedukacja.cityschool.pl\/wp-content\/uploads\/2024\/09\/Ankieta-PRK.pdf\" class=\"wp-block-file__button wp-element-button\" download aria-describedby=\"wp-block-file--media-9d612529-2f76-403f-80e7-9fe26badeda5\">Pobierz<\/a><\/div>\n\n\n\n<div data-wp-interactive=\"core\/file\" class=\"wp-block-file\"><object data-wp-bind--hidden=\"!state.hasPdfPreview\" hidden class=\"wp-block-file__embed\" data=\"http:\/\/akcjaedukacja.cityschool.pl\/wp-content\/uploads\/2024\/09\/Zaswiadczenie_o_zatrudnieniu.pdf\" type=\"application\/pdf\" style=\"width:100%;height:600px\" aria-label=\"Embed of Za\u015bwiadczenie_o_zatrudnieniu.\"><\/object><a id=\"wp-block-file--media-d0702970-735a-4966-992d-34c54967d876\" href=\"http:\/\/akcjaedukacja.cityschool.pl\/wp-content\/uploads\/2024\/09\/Zaswiadczenie_o_zatrudnieniu.pdf\">Za\u015bwiadczenie_o_zatrudnieniu<\/a><a href=\"http:\/\/akcjaedukacja.cityschool.pl\/wp-content\/uploads\/2024\/09\/Zaswiadczenie_o_zatrudnieniu.pdf\" class=\"wp-block-file__button wp-element-button\" download aria-describedby=\"wp-block-file--media-d0702970-735a-4966-992d-34c54967d876\">Pobierz<\/a><\/div>\n\n\n\n<div data-wp-interactive=\"core\/file\" class=\"wp-block-file\"><object data-wp-bind--hidden=\"!state.hasPdfPreview\" hidden class=\"wp-block-file__embed\" data=\"http:\/\/akcjaedukacja.cityschool.pl\/wp-content\/uploads\/2024\/09\/Ankieta-dla-osob-z-niepelnosprawnoscia.pdf\" type=\"application\/pdf\" style=\"width:100%;height:600px\" aria-label=\"Embed of Ankieta dla os\u00f3b z niepe\u0142nosprawno\u015bci\u0105.\"><\/object><a id=\"wp-block-file--media-3a6b25d6-45fd-4c80-9d77-43ac1a00137b\" href=\"http:\/\/akcjaedukacja.cityschool.pl\/wp-content\/uploads\/2024\/09\/Ankieta-dla-osob-z-niepelnosprawnoscia.pdf\">Ankieta dla os\u00f3b z niepe\u0142nosprawno\u015bci\u0105<\/a><a href=\"http:\/\/akcjaedukacja.cityschool.pl\/wp-content\/uploads\/2024\/09\/Ankieta-dla-osob-z-niepelnosprawnoscia.pdf\" class=\"wp-block-file__button wp-element-button\" download aria-describedby=\"wp-block-file--media-3a6b25d6-45fd-4c80-9d77-43ac1a00137b\">Pobierz<\/a><\/div>\n\n\n\n<div data-wp-interactive=\"core\/file\" class=\"wp-block-file\"><object data-wp-bind--hidden=\"!state.hasPdfPreview\" hidden class=\"wp-block-file__embed\" data=\"http:\/\/akcjaedukacja.cityschool.pl\/wp-content\/uploads\/2024\/09\/Oswiadczenie-o-odbywaniu-zajec-w-dni-wolne.pdf\" type=\"application\/pdf\" style=\"width:100%;height:600px\" aria-label=\"Embed of O\u015bwiadczenie - dni wolne.\"><\/object><a id=\"wp-block-file--media-c32c7afb-f8b4-438c-bbdd-6d21d11f6ea6\" href=\"http:\/\/akcjaedukacja.cityschool.pl\/wp-content\/uploads\/2024\/09\/Oswiadczenie-o-odbywaniu-zajec-w-dni-wolne.pdf\">O\u015bwiadczenie &#8211; dni wolne<\/a><a href=\"http:\/\/akcjaedukacja.cityschool.pl\/wp-content\/uploads\/2024\/09\/Oswiadczenie-o-odbywaniu-zajec-w-dni-wolne.pdf\" class=\"wp-block-file__button wp-element-button\" download aria-describedby=\"wp-block-file--media-c32c7afb-f8b4-438c-bbdd-6d21d11f6ea6\">Pobierz<\/a><\/div>\n\n\n\n<div data-wp-interactive=\"core\/file\" class=\"wp-block-file\"><object data-wp-bind--hidden=\"!state.hasPdfPreview\" hidden class=\"wp-block-file__embed\" data=\"http:\/\/akcjaedukacja.cityschool.pl\/wp-content\/uploads\/2024\/10\/Oswiadczenie-o-nieuczestniczeniu-EFS.pdf\" type=\"application\/pdf\" style=\"width:100%;height:600px\" aria-label=\"Embed of O\u015bwiadczenie EFS+.\"><\/object><a id=\"wp-block-file--media-24202185-6afc-4ed7-b63d-61288836bf4b\" href=\"http:\/\/akcjaedukacja.cityschool.pl\/wp-content\/uploads\/2024\/10\/Oswiadczenie-o-nieuczestniczeniu-EFS.pdf\">O\u015bwiadczenie EFS+<\/a><a href=\"http:\/\/akcjaedukacja.cityschool.pl\/wp-content\/uploads\/2024\/10\/Oswiadczenie-o-nieuczestniczeniu-EFS.pdf\" class=\"wp-block-file__button wp-element-button\" download aria-describedby=\"wp-block-file--media-24202185-6afc-4ed7-b63d-61288836bf4b\">Pobierz<\/a><\/div>\n\n\n\n<div data-wp-interactive=\"core\/file\" class=\"wp-block-file\"><object data-wp-bind--hidden=\"!state.hasPdfPreview\" hidden class=\"wp-block-file__embed\" data=\"http:\/\/akcjaedukacja.cityschool.pl\/wp-content\/uploads\/2024\/10\/Oswiadczenie-zgoda-na-przeprowadzenie-dokumentacji-zdjeciowej-Akcja-edukacja.pdf\" type=\"application\/pdf\" style=\"width:100%;height:600px\" aria-label=\"Embed of O\u015bwiadczenie \u2013 zgoda na przeprowadzenie dokumentacji zdj\u0119ciowej&apos;.\"><\/object><a id=\"wp-block-file--media-d65233fe-75d1-47fc-a718-95d2139b695a\" href=\"http:\/\/akcjaedukacja.cityschool.pl\/wp-content\/uploads\/2024\/10\/Oswiadczenie-zgoda-na-przeprowadzenie-dokumentacji-zdjeciowej-Akcja-edukacja.pdf\">O\u015bwiadczenie \u2013 zgoda na przeprowadzenie dokumentacji zdj\u0119ciowej&#8217;<\/a><a href=\"http:\/\/akcjaedukacja.cityschool.pl\/wp-content\/uploads\/2024\/10\/Oswiadczenie-zgoda-na-przeprowadzenie-dokumentacji-zdjeciowej-Akcja-edukacja.pdf\" class=\"wp-block-file__button wp-element-button\" download aria-describedby=\"wp-block-file--media-d65233fe-75d1-47fc-a718-95d2139b695a\">Pobierz<\/a><\/div>\n\n\n\n<div data-wp-interactive=\"core\/file\" class=\"wp-block-file\"><object data-wp-bind--hidden=\"!state.hasPdfPreview\" hidden class=\"wp-block-file__embed\" data=\"http:\/\/akcjaedukacja.cityschool.pl\/wp-content\/uploads\/2024\/12\/Zalacznik-nr-1-do-Umowy-uczestnictwa-RODO-Akcja-edukacja.pdf\" type=\"application\/pdf\" style=\"width:100%;height:600px\" aria-label=\"Embed of RODO.\"><\/object><a id=\"wp-block-file--media-e36254f0-64d6-4ad8-8edd-36fa806f8ccc\" href=\"http:\/\/akcjaedukacja.cityschool.pl\/wp-content\/uploads\/2024\/12\/Zalacznik-nr-1-do-Umowy-uczestnictwa-RODO-Akcja-edukacja.pdf\">RODO<\/a><a href=\"http:\/\/akcjaedukacja.cityschool.pl\/wp-content\/uploads\/2024\/12\/Zalacznik-nr-1-do-Umowy-uczestnictwa-RODO-Akcja-edukacja.pdf\" class=\"wp-block-file__button wp-element-button\" download aria-describedby=\"wp-block-file--media-e36254f0-64d6-4ad8-8edd-36fa806f8ccc\">Pobierz<\/a><\/div>\n\n\n<div class=\"caldera-grid\" id=\"caldera_form_1\" data-cf-ver=\"1.9.7\" data-cf-form-id=\"CF66a6a68289962\"><div id=\"caldera_notices_1\" data-spinner=\"http:\/\/akcjaedukacja.cityschool.pl\/wp-admin\/images\/spinner.gif\"><\/div><form data-instance=\"1\" class=\"CF66a6a68289962 caldera_forms_form cfajax-trigger\" method=\"POST\" enctype=\"multipart\/form-data\" id=\"CF66a6a68289962_1\" data-form-id=\"CF66a6a68289962\" aria-label=\"rekr\" data-target=\"#caldera_notices_1\" data-template=\"#cfajax_CF66a6a68289962-tmpl\" data-cfajax=\"CF66a6a68289962\" data-load-element=\"_parent\" data-load-class=\"cf_processing\" data-post-disable=\"0\" data-action=\"cf_process_ajax_submit\" data-request=\"http:\/\/akcjaedukacja.cityschool.pl\/?cf_api=CF66a6a68289962\" data-hiderows=\"true\">\r\n<input type=\"hidden\" id=\"_cf_verify_CF66a6a68289962\" name=\"_cf_verify\" value=\"94bb95a00f\"  data-nonce-time=\"1776517902\" \/><input type=\"hidden\" name=\"_wp_http_referer\" value=\"\/index.php?rest_route=%2Fwp%2Fv2%2Fpages%2F51\" \/><div id=\"cf2-CF66a6a68289962_1\"><\/div><input type=\"hidden\" name=\"_cf_frm_id\" value=\"CF66a6a68289962\">\r\n<input type=\"hidden\" name=\"_cf_frm_ct\" value=\"1\">\r\n<input type=\"hidden\" name=\"cfajax\" value=\"CF66a6a68289962\">\r\n<input type=\"hidden\" name=\"_cf_cr_pst\" value=\"51\">\r\n<div class=\"hide\" style=\"display:none; overflow:hidden;height:0;width:0;\">\r\n<label>Twitter<\/label><input type=\"text\" name=\"twitter\" value=\"\" autocomplete=\"off\">\r\n<\/div><div id=\"CF66a6a68289962_1-row-1\"  class=\"row  first_row\"><div  class=\"col-sm-12  single\"><div class=\"\"><h2>FORMULARZ ZG\u0141OSZENIOWY<\/h2>\n<p>Podaj swoje podstawowe dane kontaktowe, nie zapomnij tak\u017ce do\u0142\u0105czy\u0107 dokument\u00f3w rekrutacyjnych<\/p>\n<hr>\n<\/div><\/div><\/div><div id=\"CF66a6a68289962_1-row-2\"  class=\"row \"><div  class=\"col-sm-6  first_col\"><div data-field-wrapper=\"fld_8768091\" class=\"form-group\" id=\"fld_8768091_1-wrap\">\r\n\t<label id=\"fld_8768091Label\" for=\"fld_8768091_1\" class=\"control-label\">IMI\u0118 <span aria-hidden=\"true\" role=\"presentation\" class=\"field_required\" style=\"color:#ee0000;\">*<\/span><\/label>\r\n\t<div class=\"\">\r\n\t\t<input   required type=\"text\" data-field=\"fld_8768091\" class=\" form-control\" id=\"fld_8768091_1\" name=\"fld_8768091\" value=\"\" data-type=\"text\" aria-required=\"true\"   aria-labelledby=\"fld_8768091Label\" >\t\t\t<\/div>\r\n<\/div>\r\n<div data-field-wrapper=\"fld_6009157\" class=\"form-group\" id=\"fld_6009157_1-wrap\">\r\n\t<label id=\"fld_6009157Label\" for=\"fld_6009157_1\" class=\"control-label\">TW\u00d3J ADRES E-MAIL <span aria-hidden=\"true\" role=\"presentation\" class=\"field_required\" style=\"color:#ee0000;\">*<\/span><\/label>\r\n\t<div class=\"\">\r\n\t\t<input   required type=\"email\" data-field=\"fld_6009157\" class=\" form-control\" id=\"fld_6009157_1\" name=\"fld_6009157\" value=\"\" data-type=\"email\" aria-required=\"true\"   aria-labelledby=\"fld_6009157Label\" >\t\t\t<\/div>\r\n<\/div>\r\n<\/div><div  class=\"col-sm-6  last_col\"><div data-field-wrapper=\"fld_9970286\" class=\"form-group\" id=\"fld_9970286_1-wrap\">\r\n\t<label id=\"fld_9970286Label\" for=\"fld_9970286_1\" class=\"control-label\">NAZWISKO <span aria-hidden=\"true\" role=\"presentation\" class=\"field_required\" style=\"color:#ee0000;\">*<\/span><\/label>\r\n\t<div class=\"\">\r\n\t\t<input   required type=\"text\" data-field=\"fld_9970286\" class=\" form-control\" id=\"fld_9970286_1\" name=\"fld_9970286\" value=\"\" data-type=\"text\" aria-required=\"true\"   aria-labelledby=\"fld_9970286Label\" >\t\t\t<\/div>\r\n<\/div>\r\n<div data-field-wrapper=\"fld_9708378\" class=\"form-group\" id=\"fld_9708378_1-wrap\">\r\n\t<label id=\"fld_9708378Label\" for=\"fld_9708378_1\" class=\"control-label\">NUMER TELEFONU <span aria-hidden=\"true\" role=\"presentation\" class=\"field_required\" style=\"color:#ee0000;\">*<\/span><\/label>\r\n\t<div class=\"\">\r\n\t\t<input  data-inputmask=\"'mask': '(999)999-9999'\"  required type=\"phone\" data-field=\"fld_9708378\" class=\" form-control\" id=\"fld_9708378_1\" name=\"fld_9708378\" value=\"\" data-type=\"phone\" aria-required=\"true\"   aria-labelledby=\"fld_9708378Label\" >\t\t\t<\/div>\r\n<\/div>\r\n<\/div><\/div><div id=\"CF66a6a68289962_1-row-3\"  class=\"row \"><div  class=\"col-sm-12  single\"><hr id=\"fld_3783641_1\" class=\"\" style=\"width: 100%\" \/><div data-field-wrapper=\"fld_5109009\" class=\"form-group\" id=\"fld_5109009_1-wrap\">\r\n\t<label id=\"fld_5109009Label\" for=\"fld_5109009_1\" class=\"control-label\">ZA\u0141\u0104CZ DOKUMENTY ZG\u0141OSZENIOWE <span aria-hidden=\"true\" role=\"presentation\" class=\"field_required\" style=\"color:#ee0000;\">*<\/span><\/label>\r\n\t<div class=\"file-prevent-overflow\">\r\n\t\t<div id=\"fld_5109009_1_file_list\" class=\"cf-multi-uploader-list\"><\/div>\n\t\t\t\t<input type=\"file\" name=\"fld_5109009\" value=\"\" data-field=\"fld_5109009\" class=\"\" id=\"fld_5109009_1\" data-controlid=\"trupl69e3830e9e458\"   required=\"required\"   aria-labelledby=\"fld_5109009Label\">\n\t\t<input type=\"hidden\" name=\"fld_5109009\" value=\"trupl69e3830e9e458\">\n\t\t\t<\/div>\r\n<\/div>\r\n<\/div><\/div><div id=\"CF66a6a68289962_1-row-4\"  class=\"row \"><div  class=\"col-sm-12  single\"><hr id=\"fld_884201_1\" class=\"\" style=\"width: 100%\" \/><div data-field-wrapper=\"fld_7683514\" class=\"form-group\" id=\"fld_7683514_1-wrap\">\r\n\t<label id=\"fld_7683514Label\" for=\"fld_7683514_1\" class=\"control-label\">DODATKOWE INFORMACJE<\/label>\r\n\t<div class=\"\">\r\n\t\t<textarea name=\"fld_7683514\" value=\"\" data-field=\"fld_7683514\" class=\"form-control\" id=\"fld_7683514_1\" rows=\"7\"    aria-labelledby=\"fld_7683514Label\" ><\/textarea>\n\t\t\t<\/div>\r\n<\/div>\r\n<\/div><\/div><div id=\"CF66a6a68289962_1-row-5\"  class=\"row  last_row\"><div  class=\"col-sm-12  single\"><div data-field-wrapper=\"fld_7908577\" class=\"form-group\" id=\"fld_7908577_1-wrap\">\r\n<div class=\"\">\r\n\t<input  class=\"btn btn-default\" type=\"submit\" name=\"fld_7908577\" id=\"fld_7908577_1\" value=\"WY\u015aLIJ ZG\u0141OSZENIE\" data-field=\"fld_7908577\"  >\n<\/div>\r\n<\/div>\r\n\t<input class=\"button_trigger_1\" type=\"hidden\" name=\"fld_7908577\" id=\"fld_7908577_1_btn\" value=\"\" data-field=\"fld_7908577\"  \/>\n<\/div><\/div><\/form>\r\n<\/div>\r\n\n\n\n\n<div data-wp-interactive=\"core\/file\" class=\"wp-block-file\"><object data-wp-bind--hidden=\"!state.hasPdfPreview\" hidden class=\"wp-block-file__embed\" data=\"http:\/\/akcjaedukacja.cityschool.pl\/wp-content\/uploads\/2025\/08\/Regulamin-projektu-Akcja-edukacja.pdf\" type=\"application\/pdf\" style=\"width:100%;height:600px\" aria-label=\"Embed of Regulamin projektu - z dnia 30.06.2025.\"><\/object><a id=\"wp-block-file--media-3505fc34-d949-40f5-af49-c6a281bfd84c\" href=\"http:\/\/akcjaedukacja.cityschool.pl\/wp-content\/uploads\/2025\/08\/Regulamin-projektu-Akcja-edukacja.pdf\">Regulamin projektu &#8211; z dnia 30.06.2025<\/a><a href=\"http:\/\/akcjaedukacja.cityschool.pl\/wp-content\/uploads\/2025\/08\/Regulamin-projektu-Akcja-edukacja.pdf\" class=\"wp-block-file__button wp-element-button\" download aria-describedby=\"wp-block-file--media-3505fc34-d949-40f5-af49-c6a281bfd84c\">Download<\/a><\/div>\n","protected":false},"excerpt":{"rendered":"<p>Rekrutacja do projektu przeprowadzona zostanie w terminie 08.2024-03.2025r. (\u015br. po 10 os\u00f3b\/miesi\u0105c) na terenie wspieranych powiat\u00f3w Warmii i Mazur. Rekrutacja b\u0119dzie otwarta, bezpo\u015brednia, turowa(1miesi\u0105c=1tura), rzetelna, bezstronna oraz sformalizowana na podstawie protoko\u0142u. Grupa docelowa: Grup\u0119 docelow\u0105 projektu stanowi 80 os\u00f3b doros\u0142ych (48K, 32M) bez wzgl\u0119du na wykszta\u0142cenie oraz status zatrudnienia: SZCZEG\u00d3\u0141OWY PODZIA\u0141 GRUPY DOCELOWEJ Z\u0142o\u017cenie dokument\u00f3w &hellip; <\/p>\n","protected":false},"author":1,"featured_media":0,"parent":0,"menu_order":0,"comment_status":"closed","ping_status":"closed","template":"","meta":{"footnotes":""},"class_list":["post-51","page","type-page","status-publish","hentry","latest_post"],"_links":{"self":[{"href":"http:\/\/akcjaedukacja.cityschool.pl\/index.php?rest_route=\/wp\/v2\/pages\/51","targetHints":{"allow":["GET"]}}],"collection":[{"href":"http:\/\/akcjaedukacja.cityschool.pl\/index.php?rest_route=\/wp\/v2\/pages"}],"about":[{"href":"http:\/\/akcjaedukacja.cityschool.pl\/index.php?rest_route=\/wp\/v2\/types\/page"}],"author":[{"embeddable":true,"href":"http:\/\/akcjaedukacja.cityschool.pl\/index.php?rest_route=\/wp\/v2\/users\/1"}],"replies":[{"embeddable":true,"href":"http:\/\/akcjaedukacja.cityschool.pl\/index.php?rest_route=%2Fwp%2Fv2%2Fcomments&post=51"}],"version-history":[{"count":12,"href":"http:\/\/akcjaedukacja.cityschool.pl\/index.php?rest_route=\/wp\/v2\/pages\/51\/revisions"}],"predecessor-version":[{"id":125,"href":"http:\/\/akcjaedukacja.cityschool.pl\/index.php?rest_route=\/wp\/v2\/pages\/51\/revisions\/125"}],"wp:attachment":[{"href":"http:\/\/akcjaedukacja.cityschool.pl\/index.php?rest_route=%2Fwp%2Fv2%2Fmedia&parent=51"}],"curies":[{"name":"wp","href":"https:\/\/api.w.org\/{rel}","templated":true}]}}